alse
Is 85 a factor of 43945?
True
Is 441 a multiple of 30?
False
Does 6 divide 512?
False
Is 17670 a multiple of 38?
True
Is 6195 a multiple of 59?
True
Is 2632 a multiple of 21?
False
Is 1009 a multiple of 97?
False
Is 50 a factor of 7950?
True
Is 3342 a multiple of 5?
False
Is 15134 a multiple of 161?
True
Is 1420 a multiple of 12?
False
Is 50112 a multiple of 54?
True
Does 13 divide 1859?
True
Is 53 a factor of 126818?
False
Is 157 a factor of 28401?
False
Does 11 divide 2244?
True
Is 4551 a multiple of 25?
False
Is 352 a factor of 60896?
True
Does 33 divide 76013?
False
Does 15 divide 157?
False
Is 21 a factor of 27843?
False
Does 45 divide 10395?
True
Is 140217 a multiple of 240?
False
Is 97 a factor of 8439?
True
Is 11739 a multiple of 188?
False
Does 45 divide 2423?
False
Does 56 divide 672?
True
Does 25 divide 2830?
False
Does 17 divide 10370?
True
Is 7667 a multiple of 3?
False
Does 35 divide 16529?
False
Does 109 divide 29674?
False
Is 82 even?
True
Is 845 a multiple of 65?
True
Is 1180 a multiple of 44?
False
Is 48 a factor of 7265?
False
Is 8989 a multiple of 3?
False
Does 6 divide 132?
True
Is 4116 a multiple of 7?
True
Does 11 divide 158895?
True
Is 47 a factor of 27636?
True
Is 47840 a multiple of 368?
True
Is 1072 a multiple of 16?
True
Is 6 a factor of 264?
True
Is 18876 a multiple of 9?
False
Does 87 divide 15284?
False
Is 4167 a multiple of 108?
False
Is 150 a factor of 6600?
True
Does 30 divide 1587?
False
Does 58 divide 10131?
False
Is 605 a multiple of 55?
True
Is 59096 a multiple of 332?
True
Does 6 divide 804?
True
Is 64 a factor of 576?
True
Is 33 a factor of 1529?
False
Is 5 a factor of 19?
False
Does 186 divide 1302?
True
Does 87 divide 100460?
False
Is 32 a factor of 4354?
False
Does 20 divide 8560?
True
Does 37 divide 281?
False
Is 1635 a multiple of 6?
False
Is 11 a factor of 610?
False
Is 28 a factor of 2277?
False
Is 12 a factor of 168?
True
Is 330 even?
True
Does 26 divide 7930?
True
Is 21 a factor of 304?
False
Is 26 a factor of 3642?
False
Is 69 a factor of 221?
False
Is 27404 a multiple of 13?
True
Is 117 a multiple of 2?
False
Does 160 divide 13280?
True
Does 25 divide 3300?
True
Is 8 a factor of 613?
False
Is 47 a factor of 799?
True
Is 1063 a multiple of 41?
False
Is 24 a factor of 408?
True
Is 7228 a multiple of 16?
False
Is 1223 a multiple of 57?
False
Is 12 a factor of 4023?
False
Is 198 a multiple of 18?
True
Does 67 divide 42475?
False
Does 48 divide 1761?
False
Is 31056 a multiple of 26?
False
Is 23 a factor of 2915?
False
Is 12 a factor of 11940?
True
Does 12 divide 492?
True
Does 21 divide 10710?
True
Is 41 a factor of 3004?
False
Does 107 divide 11984?
True
Does 15 divide 2805?
True
Is 304 a multiple of 19?
True
Does 19 divide 11807?
False
Is 1667 a multiple of 8?
False
Is 288 a multiple of 8?
True
Is 18544 a multiple of 61?
True
Does 4 divide 312?
True
Is 783 a multiple of 24?
False
Is 34 a factor of 3672?
True
Is 41798 a multiple of 197?
False
Does 35 divide 223?
False
Is 8422 a multiple of 22?
False
Is 10 a factor of 9850?
True
Is 5 a factor of 635?
True
Does 41 divide 451?
True
Is 995 a multiple of 14?
False
Is 2550 a multiple of 150?
True
Does 10 divide 6685?
False
Is 68 a factor of 30532?
True
Is 9 a factor of 34335?
True
Does 26 divide 433?
False
Is 17 a factor of 17?
True
Is 48539 a multiple of 21?
False
Is 8938 a multiple of 13?
False
Is 29028 a multiple of 12?
True
Is 3 a factor of 1595?
False
Is 38 a factor of 10118?
False
Is 8303 a multiple of 49?
False
Does 33 divide 965?
False
Is 3920 a multiple of 70?
True
Is 58 a factor of 260?
False
Is 81 a multiple of 7?
False
Is 546 a multiple of 29?
False
Is 90 a multiple of 9?
True
Is 700 a multiple of 40?
False
Does 2 divide 759?
False
Is 9 a factor of 1323?
True
Is 553 a multiple of 18?
False
Is 450 a multiple of 10?
True
Is 10 a factor of 672?
False
Is 13 a factor of 988?
True
Is 28305 a multiple of 153?
True
Is 244 a multiple of 71?
False
Is 4174 a multiple of 9?
False
Is 96425 a multiple of 82?
False
Is 1981 a multiple of 53?
False
Does 29 divide 29?
True
Is 30 a factor of 600?
True
Does 14 divide 19600?
True
Is 102 a multiple of 3?
True
Is 809 a multiple of 22?
False
Is 18678 a multiple of 66?
True
Is 26 a factor of 36?
False
Does 29 divide 1401?
False
Is 36 a factor of 521?
False
Is 127465 a multiple of 37?
True
Is 13 a factor of 1859?
True
Does 26 divide 7852?
True
Is 34 a factor of 19584?
True
Is 1462 a multiple of 37?
False
Is 131 a factor of 4716?
True
Is 619 a multiple of 12?
False
Does 10 divide 17898?
False
Is 8 a factor of 67?
False
Does 11 divide 1164?
False
Is 912 a multiple of 8?
True
Does 91 divide 19565?
True
Does 10 divide 4210?
True
Is 87 a multiple of 7?
False
Does 89 divide 2285?
False
Is 8 a factor of 424?
True
Does 57 divide 11129?
False
Does 15 divide 4260?
True
Does 11 divide 1241?
False
Is 7534 a multiple of 16?
False
Does 7 divide 3968?
False
Is 14 a factor of 7599?
False
Does 25 divide 1475?
True
Is 1641 a multiple of 33?
False
Is 14196 a multiple of 42?
True
Is 84 a factor of 1092?
True
Does 8 divide 456?
True
Is 573 a multiple of 44?
False
Does 24 divide 11880?
True
Does 18 divide 1704?
False
Does 5 divide 720?
True
Is 2166 a multiple of 8?
False
Is 124 a factor of 34199?
False
Is 1845 a multiple of 25?
False
Is 285 a multiple of 10?
False
Does 27 divide 1539?
True
Is 18290 a multiple of 82?
False
Does 16 divide 60912?
True
Does 6 divide 3881?
False
Is 1236 a multiple of 13?
False
Is 610 a multiple of 61?
True
Is 730 a multiple of 5?
True
Does 14 divide 3808?
True
Is 339 a multiple of 64?
False
Does 169 divide 29068?
True
Does 19 divide 473?
False
Is 125 a factor of 1248?
False
Is 320 a multiple of 40?
True
Does 135 divide 15930?
True
Does 17 divide 16177?
False
Does 38 divide 1140?
True
Is 220 a multiple of 4?
True
Does 52 divide 260?
True
Is 241 a multiple of 8?
False
Is 5385 a multiple of 113?
False
Does 58 divide 1716?
False
Is 825 a multiple of 55?
True
Is 12 a factor of 48?
True
Is 15473 a multiple of 22?
False
Is 1979 a multiple of 18?
False
Is 1001 a multiple of 13?
True
Does 21 divide 34415?
False
Is 10703 a multiple of 2?
False
Does 37 divide 2627?
True
Is 4808 a multiple of 49?
False
Is 454 even?
True
Is 47 a factor of 6721?
True
Does 12 divide 288?
True
Is 2350 a multiple of 25?
True
Is 47 a factor of 3008?
True
Is 53 a factor of 983?
False
Is 9 a factor of 27?
True
Is 5 a factor of 430?
True
Does 40 divide 280?
True
Is 12535 a multiple of 38?
False
Does 2 divide 1631?
False
Is 35466 a multiple of 257?
True
Does 91 divide 110351?
False
Is 183 a factor of 9333?
True
Does 36 divide 640?
False
Is 725 a multiple of 36?
False
Is 46860 a multiple of 330?
True
Is 2344 a multiple of 46?
False
Is 112 a factor of 2365?
False
Is 40 a factor of 485?
False
Is 58 a factor of 2320?
True
Does 65 divide 7148?
False
Is 10289 a multiple of 6?
False
Does 32 divide 512?
True
Does 89 divide 3649?
True
Does 18 divide 1918?
False
Is 38 a factor of 8824?
False
Is 63 a factor of 441?
True
Is 11 a factor of 4432?
False
Is 72 a factor of 34539?
False
Is 36630 a multiple of 333?
True
Does 17 divide 8867?
False
Is 12 a factor of 3672?
True
Does 21 divide 1470?
True
Does 13 divide 2196?
False
Does 5 divide 331?
False
Does 43 divide 1798?
False
Is 29 a factor of 8327?
False
Does 16 divide 1792?
True
Is 49 a factor of 872?
False
Is 99 a factor of 7257?
False
Is 20961 a multiple of 105?
False
Is 10 a factor of 500?
True
Is 16116 a multiple of 204?
True
Does 67 divide 967?
False
Is 13 a factor of 897?
True
Is 159 a multiple of 3?
True
Does 4 divide 137?
False
Does 30 divide 930?
True
Does 24 divide 570?
False
Does 25 divide 1225?
True
Is 18192 a multiple of 3?
True
Does 20 divide 64?
False
Does 43 divide 6364?
True
Does 19 divide 22572?
True
Does 19 divide 22864?
False
Does 19 divide 88414?
False
Is 17 a factor of 92260?
False
Does 14 divide 2562?
True
Is 11968 a multiple of 16?
True
Is 5 a factor of 2787?
False
Does 26 divide 12194?
True
Is 56 a factor of 40936?
True
Is 80 a multiple of 5?
True
Does 2 divide 212?
True
Does 45 divide 42435?
True
Does 13 divide 1482?
True
Does 4 divide 485?
False
Is 567 a multiple of 21?
True
Does 23 divide 968?
False
Does 37 divide 2553?
True
Does 17 divide 276?
False
Is 20 a factor of 10850?
